 + 2*s + 5. Let b be k(4). Let t = -49 - -206. Suppose -t = -6*w + b. List the prime factors of w.
47
Suppose -4 = 4*s, -3*m + 9 + 13 = -s. Suppose -12*f + 645 = -m*f. What are the prime factors of f?
3, 43
Let c = 12 + -8. Let f = 3 - c. What are the prime factors of 67/4 - f/4?
17
Suppose -p - 4*x + 48 = 0, 2*p - 2*x = 2*x + 60. Suppose 0 = -3*y + 2*t + 529, -y - p + 212 = -t. List the prime factors of y.
3, 59
Suppose 3*r + 4*h + 770 = 0, 0 = -7*r + 3*r + 2*h - 1012. Let a = -96 - r. List the prime factors of a.
2, 79
Let j = -2 - -4. Suppose 5*n - j*n - 98 = -5*x, -82 = -3*x + 4*n. List the prime factors of x.
2, 11
Let g(y) = -19*y + 35. What are the prime factors of g(-9)?
2, 103
Suppose 0 = -9*b + 62 + 64. Suppose -27*n + b*n + 494 = 0. List the prime factors of n.
2, 19
Let f be -2 - (-2 - (-14)/(-2)). Let n(j) = -2*j + 3*j - 3*j - 3*j - f. What are the prime factors of n(-3)?
2
Let p(y) = -y**2 - 8*y + 13. Let b(n) = n**2 + 4*n + 9. Let d be b(-5). Suppose -4*g + 2*g - d = 0. List the prime factors of p(g).
2, 5
Suppose 0 = 2*v - 2*o - 4, -3*v - 5*o - 37 = v. Let d(q) = -2*q**2 + q - 2. Let r(a) = 1. Let y(c) = -d(c) - 5*r(c). List the prime factors of y(v).
2, 3
Let f(g) = 7*g**3. Let y be f(1). Let q = y - -1. Suppose k + q = 5*k. What are the prime factors of k?
2
Suppose 0 = 34*n - 40*n + 1656. List the prime factors of n.
2, 3, 23
Let v(o) = o**3 + 11*o**2 + 8*o - 11. Let t(x) = -2*x**2 - 14*x - 10. Let m be t(-7). Let j be v(m). Suppose -10*r = -j*r - 47. List the prime factors of r.
47
Let l(q) = q**2 + 6*q + 7. Suppose 0 = 5*z - 3*t + 36, 3*z + 0*t = 2*t - 22. Let p be l(z). List the prime factors of p + (5 - 8/4).
2, 5
Suppose -7339 + 451 = -4*t. What are the prime factors of t?
2, 3, 7, 41
Let n(l) = 6*l + 6. Let y(p) = p**3 - 7*p**2 - 6*p - 5. Let c be y(8). List the prime factors of n(c).
2, 3
Let y = 8 + 242. What are the prime factors of y?
2, 5
Let h(l) = l**2 - 2*l + 1092. List the prime factors of h(0).
2, 3, 7, 13
Let p(h) = 28*h + 7. Let b be p(-2). Let x = 69 + b. List the prime factors of x.
2, 5
List the prime factors of (-1016)/(-20) + (-48)/60.
2, 5
Let p(n) = -12*n**3 - 5*n**2 + 2*n + 10. Suppose -12 = -3*k + 2*v, -k + 20 = 4*k + v. Let c be p(k). What are the prime factors of (-6)/(-9) - c/15?
2, 7
Let c(w) = -w**3 + 15*w**2 + 16*w + 16. What are the prime factors of c(15)?
2
Let x = -6 + 0. Let p be (-21)/(-14) - (-9)/x. Suppose 0 = -5*j - p*j + 30. List the prime factors of j.
2, 3
Let u(i) = -2*i**3 - 5*i**2 + 12*i + 3. What are the prime factors of u(-5)?
2, 17
Suppose -14404 = 42*c - 55*c. List the prime factors of c.
2, 277
Let k(u) = -199*u - 251. What are the prime factors of k(-6)?
23, 41
Let f(l) = 21 - 13 + l + 14. Suppose -q + 3*q = -20. What are the prime factors of f(q)?
2, 3
Suppose 0 = -5*t - 2*o - 0*o - 10, -t + 4*o = -20. Suppose -2*a - 80 + 376 = t. What are the prime factors of a?
2, 37
Let y be (3/5)/(1/5). Suppose -y*i = -7*i. Suppose 2*n - 123 = -5*o, i*o - 2*n = 4*o - 100. List the prime factors of o.
23
Suppose 0 = -13*u + 17*u - 12, 0 = 4*n + 2*u - 18042. What are the prime factors of n?
3, 167
List the prime factors of (1/2)/((-32)/(-4736)).
2, 37
Let d = 1740 + 293. What are the prime factors of d?
19, 107
Suppose -5*x + 2*x = -2*g + 2, 5*x = -g + 27. List the prime factors of (-1)/(((-1316)/184)/g - -1).
2, 23
List the prime factors of (-8)/10 - 25070/(-75)*3.
2, 3, 167
Let w(y) = 4*y**3 + y**2 + y - 1. Let p be w(1). Let f be (1/2 + -2)*144/27. Let g = p - f. What are the prime factors of g?
13
Let a = 101 + -99. Let p = 1 + -2. List the prime factors of 10/(a/(-4)*p).
2, 5
Let y = 2559 - -629. List the prime factors of y.
2, 797
What are the prime factors of 2/9 - (-130963)/63?
3, 7, 11
Let w(q) = q**3 - 12*q**2 + 15*q - 6. Let a be w(10). Let r = a + 92. Suppose r = 3*j - 87. What are the prime factors of j?
41
Let i(f) = 2*f**2 + 3*f + 12. Let y be i(-6). Suppose 4*r + z - 35 = 48, 3*r - 3*z = y. What are the prime factors of r?
3, 7
Let q(u) = -2*u + 12. Let x(w) = -w + 12. Let b(m) = 6*q(m) - 5*x(m). Let t be b(-7). Let i = t + -25. List the prime factors of i.
2, 3
Suppose g - 7 + 5 = 0. Suppose 5*v - g - 23 = -4*j, -2*j = -5*v - 5. List the prime factors of j.
5
Let o be -11 + -6 - 1*-2. Let d = -11 - o. Suppose d*p = 2*p + 32. List the prime factors of p.
2
Suppose 18295*x = 18294*x + 5103. List the prime factors of x.
3, 7
What are the prime factors of (-2*271)/(128/(-128))?
2, 271
Let h(l) be the second derivative of 0*l**4 + 1/10*l**5 - 3*l + 1/2*l**2 + 0 + 0*l**3. What are the prime factors of h(2)?
17
Let k = 4758 + -3240. What are the prime factors of k?
2, 3, 11, 23
Let a(m) = -m**2 + m + 84. Suppose -3*w - 15 = -3, -2*i - 2*w - 8 = 0. What are the prime factors of a(i)?
2, 3, 7
Let z(d) be the first derivative of -d**4/4 - d**3 - d**2/2 - 8*d + 19. What are the prime factors of z(-5)?
47
Let h(n) = 2*n**3 - 7*n**2 + 19*n - 133. What are the prime factors of h(12)?
2543
Let k(t) = 3*t + 55. Let z be k(-14). Suppose z*s - 239 = 12*s. List the prime factors of s.
239
Let j(m) = -m**3 + 5*m**2 + 13*m + 10. Let z be j(7). Suppose -z*c + 5 + 31 = 0. List the prime factors of c.
2, 3
Let f = 6137 - 3927. What are the prime factors of f?
2, 5, 13, 17
Suppose -6*l + 19 = -35. Let f(p) = p**2 + 3*p - 11. List the prime factors of f(l).
97
Let x be 6*12 + (2 - 1) + 1. Suppose 4*u + 2*c - 34 = 2*u, -4*u - c = -x. List the prime factors of u.
19
Suppose 0 = 35*u - 39*u - a + 4730, -3*u + 3550 = 2*a. List the prime factors of u.
2, 3, 197
Let t(l) = -15*l**2 + 25*l + 61. Let d(o) = 7*o**2 - 13*o - 30. Let i(v) = 13*d(v) + 6*t(v). What are the prime factors of i(25)?
2, 3, 7
Let f be (-12)/(-8)*32/(-12). List the prime factors of (-270)/(-14) + f/14.
19
Suppose -810 = 15*j - 21*j. What are the prime factors of j?
3, 5
Let k = -992 + 1960. List the prime factors of k.
2, 11
List the prime factors of (-7)/1 + 19 + 3479.
3491
Let k = -338 - -479. Suppose -2*g + 5*j = -9, 2*j - 9 = -5*g - 1. Suppose q + g*q = k. What are the prime factors of q?
47
Let l(d) = d + 11. Let i be l(-7). Suppose 0 = h - i - 1, 2*x + 4*h - 86 = 0. What are the prime factors of x?
3, 11
Suppose -3*h = 4*o - 1197, -2*h + 49*o - 53*o = -802. List the prime factors of h.
5, 79
Suppose -5*l + 5*j - 45 = 0, 0 = -5*j + 2 - 7. Let z = 17 + l. Suppose -z*m + 100 = -3*m. List the prime factors of m.
5
Suppose 117 + 47 = -4*r. Let a = 44 + r. What are the prime factors of (a/(-6))/((-1)/44)?
2, 11
Let r(y) = y**2 + 6*y - 22. Let j = -38 + 28. What are the prime factors of r(j)?
2, 3
Suppose 3*z - 113 = -38. List the prime factors of z.
5
Let f(z) = z**2 - 9*z + 46 + 27 - 15. List the prime factors of f(17).
2, 97
Let d(g) = g**2 + g + 1. Let i(l) = l**2 - 7*l + 3. Let p(s) = 2*d(s) + i(s). List the prime factors of p(3).
17
Let t = 2213 - 1059. What are the prime factors of t?
2, 577
Let r(w) = 27 - 5*w**2 - 12*w + 0*w**2 - 12*w**2 + 7*w**2 - w**3. What are the prime factors of r(-11)?
2, 5, 7
Suppose 221 = 2*m + 47. Let x = 199 - m. What are the prime factors of x?
2, 7
Suppose -29*l + 504 = -37*l. Let y = -53 + 18. Let x = y - l. List the prime factors of x.
2, 7
Let r = 361 + -225. What are the prime factors of r?
2, 17
Let i be 374/(-5) - 44/(-55). Let a = -57 - i. List the prime factors of a.
17
Suppose 0 = -8*z + 19 + 5. Suppose 0 = -k + 2*w + 32, -k - 11 = -3*w - 39. Suppose -m = 3*n - k, 2*n + z*n - 80 = m. What are the prime factors of n?
3, 5
Let r = -10948 - -16256. List the prime factors of r.
2, 1327
Let f = -10 - -22. Let o = 14 + f. What are the prime factors of o?
2, 13
Let g(f) be the first derivative of f**2/2 - 7*f + 7. Let y be g(8). Suppose r = 2*h + 17 + y, 2*r - 36 = h. List the prime factors of r.
2, 3
Suppose 3*p = -4*t + 4304, -2*t + 3*p + 5380 = 3*t. List the prime factors of t.
2, 269
Suppose 2*j + j - 15 = 0. Suppose 6*a - 3*a + j*h + 21 = 0, -5 = a + h. List the prime factors of 2/a - (-20 + -1).
2, 5
Let f = 2344 - 1304. List the prime factors of f.
2, 5, 13
Let v(s) = s**3 - 2*s**2 + 9*s - 17. List the prime factors of v(7).
3, 97
Let o = 1739 + -930. List the prime factors of o.
809
Let t(b) = 4*b**2 - 2*b + 3. Let z be t(3). Suppose -s + z = -29. List the prime factors of s.
2, 